s of o/4*(6 + -14).
2, 5
Let j(g) = g**2 + 2*g. Let l be j(-2). Suppose -2*t - t = l. Suppose 4*x = -t*c + 4*c, -x = -3*c + 4. List the prime factors of c.
2
Suppose -6*h + 18 = -3*h. Suppose -4*v + 6 + h = 0. List the prime factors of v.
3
Suppose -2*u = 3*k - 596, -k - 4*u + 400 = k. List the prime factors of k.
2, 3, 11
Let k = -45 - -50. Let a(z) = -5*z + z + 7 + 3*z. List the prime factors of a(k).
2
Let f(r) = 3*r - 2. Suppose 0*y = -3*y + 6. Let m be f(y). Suppose -3*q + 35 = -l - l, m*q - 5*l = 56. What are the prime factors of q?
3
Let y(r) = -18*r - 10. Let d be y(-5). Suppose -4*g = -5*t - d, -105 = -5*g + 8*t - 3*t. List the prime factors of g.
5
Suppose s - 3 = 0, 2*a + 0*a = -3*s + 77. List the prime factors of a.
2, 17
Let j(p) = -p**2 + p + 2. Let h be j(3). What are the prime factors of 830/90 + h/18?
3
List the prime factors of 2160/99 - 2/(-11).
2, 11
Let b(n) = -20*n + 1. Let y be b(1). Let s = y + 31. List the prime factors of s.
2, 3
Let j(l) = -21*l - 26. What are the prime factors of j(-3)?
37
Suppose 0 = -2*o + 4*f + 160, -2*o - o = -5*f - 244. What are the prime factors of o?
2, 11
Let y = 109 - 75. List the prime factors of y.
2, 17
Let s(m) = -m**3 + 6*m**2 + m - 4. Let c be s(6). Suppose c*u - u - 16 = 0. Suppose -2*a = 2*b - 26, -35 - u = -3*b + a. List the prime factors of b.
2
Suppose -7*g + 1605 + 1258 = 0. What are the prime factors of g?
409
Suppose -72 = 4*c - 320. List the prime factors of c.
2, 31
Suppose 42 = 6*y - 5*y. List the prime factors of y.
2, 3, 7
Let z(l) = l**2 - 2*l - 3. Let s be z(-2). Suppose 0*g + g - s = 0. Suppose -4*y - 12 = -g*y. List the prime factors of y.
2, 3
Let o be -2*-2*9/12. Suppose v = 5*k + 15, -5*v + o*k = k - 98. What are the prime factors of v?
2, 5
Suppose -5*v + 6 = -2*v. List the prime factors of v/9 - (-86)/18.
5
Let d be 12/(-2)*(-3 + 2). Suppose -44 = -2*p - 0. Suppose w = -5*x + p, -d = -2*x + w - 0*w. List the prime factors of x.
2
Suppose -5*y + 87 = 2*u + 24, -5*u + 4*y = -141. What are the prime factors of u?
29
Suppose 0 = 3*s - 3, 3*k + 2*s - 36 = 98. What are the prime factors of k?
2, 11
Suppose -8*u - 7 = -9*u. Let w(l) = -l**3 + 7*l**2 + 2*l + 1. List the prime factors of w(u).
3, 5
Let u(i) = -i**3 - 5*i**2 - 3*i. Let h be u(-3). List the prime factors of 64/(-24)*h/2.
2, 3
Let l(q) = -q**3 + 6*q**2 - 2*q - 7. Let v(d) = -d**2 - 6*d + 5. Let s be v(-6). Suppose -4*r + 30 = -5*h, -3*r + 6 - 1 = s*h. List the prime factors of l(r).
2
Suppose -p - 3*p = -12. What are the prime factors of p?
3
Let m be 24/30*(-5)/2. List the prime factors of (m/4)/(9/(-756)).
2, 3, 7
Let s = -11 - -27. List the prime factors of s.
2
Let v = 229 - 117. What are the prime factors of v?
2, 7
Suppose 11*m - 6*m = 685. List the prime factors of m.
137
List the prime factors of -4*124*(-6)/(-16)*-1.
2, 3, 31
Suppose 0 = -5*v - 7 + 67. Suppose v = -g + 4*g. List the prime factors of 37/g + (-1)/4.
3
Suppose 2*a + 10 = 0, -2*x - 17 - 40 = a. Let q = 0 + -18. Let n = q - x. List the prime factors of n.
2
Suppose 5*a - 25 = -0*a. Suppose -2*m = 4*n - 16, 2*n - 14 = a*m + 18. Suppose 5 = -5*c + n*c. List the prime factors of c.
5
Suppose 0*j + 166 = 2*j. Suppose -87 - j = -5*u. What are the prime factors of u?
2, 17
Let c be (-3)/(-2*(-3)/(-48)). Suppose v - 5*v = -c. List the prime factors of v.
2, 3
Let q be 3*(-3)/(-9) + -5. Let t = q - -8. Suppose 0*i - 52 = -t*o + 4*i, i = -2*o + 14. List the prime factors of o.
3
Suppose 3*j + 0 = -3*s - 3, s + 2*j + 2 = 0. Suppose 2*x + 4 + 2 = s. Let o = x + 5. List the prime factors of o.
2
Suppose 21*m - 25*m = -236. What are the prime factors of m?
59
Suppose -b - 1 + 15 = 0. What are the prime factors of (-4)/(-14) + 136/b?
2, 5
Suppose -4*b + 128 = -52. Suppose -b + 3 = -2*f. What are the prime factors of f?
3, 7
Let i(a) = 4*a + 1. Let n be i(1). Suppose -3*t = -n*o - 77, 104 = 5*t + o - 15. What are the prime factors of t?
2, 3
Suppose 5*d - 214 = -o, -o = -3*d + 80 + 42. List the prime factors of d.
2, 3, 7
Let p = -39 - -27. Let h be ((-6)/5)/(p/40). Suppose -46 = -h*m - 2*y, 0*m + 4*m - 49 = -y. What are the prime factors of m?
13
Let j = -52 + 202. List the prime factors of j.
2, 3, 5
Let g(d) = 2*d**3 + d**2. Let u be g(1). Suppose -u*w = 58 + 86. Let v = w - -68. List the prime factors of v.
2, 5
Let g = 140 + -51. List the prime factors of g.
89
Let h(i) = 4*i**2 + 1. Let o(j) = j**2 - j - 1. Let z(p) = h(p) + o(p). What are the prime factors of z(-1)?
2, 3
Suppose 4*a = -0*a + 12. Let q(m) = -6*m + 1. Let c(u) = 7*u - 1. Let h(n) = -5*c(n) - 6*q(n). List the prime factors of h(a).
2
Let p(o) be the second derivative of -o**5/20 + o**4/12 + o**3/2 + o**2 - o. Let f be p(3). Let a = f + 13. What are the prime factors of a?
2, 3
Let o(r) = 4*r**2 - r + 2. Let p be o(1). Suppose -2*i + p*i = 66. List the prime factors of i.
2, 11
Let i(c) = 4*c - 3*c - 16*c**2 - c + c. Let g be i(1). Let n = g + 25. What are the prime factors of n?
2, 5
Suppose -5*r + 102 = -3. List the prime factors of r.
3, 7
What are the prime factors of (-21)/(-56) + 14465/40?
2, 181
Suppose -2*c - 26 = -3*c. List the prime factors of c.
2, 13
Suppose 0 = -4*x + 2*x + 30. Suppose -3*z - 3*y = -x, 4*z - 5*z = -2*y - 5. Suppose -20 + z = -3*d. What are the prime factors of d?
5
Let o be 2 - (3 - 49 - 3). Suppose 3*h + 4*t - o = 0, 0*h - 17 = -h - 4*t. List the prime factors of h.
17
Let o(h) = 6*h - 1. Let t be o(5). Suppose 0 = t*p - 31*p + 72. What are the prime factors of p?
2, 3
Let h(m) = 2*m + 12. Let d be h(12). Let n = -13 + d. List the prime factors of n.
23
Suppose -210 = 13*o - 19*o. What are the prime factors of o?
5, 7
List the prime factors of (-69*4/(-18))/((-12)/(-36)).
2, 23
Let d(b) = 6*b + 28. What are the prime factors of d(23)?
2, 83
Let u(v) = 2*v - 2. Let m = 124 - 89. Suppose -f - 4*f + m = 0. List the prime factors of u(f).
2, 3
Suppose 0 = -0*m - m + 33. Suppose 4*u - 5*f = 47, u + 3*f = -0*f + m. What are the prime factors of u?
2, 3
Suppose h + 8*b - 3*b = -1, 0 = -5*h + b + 47. Let a = 4 + 0. Suppose w = 2*w + 4*c + h, -64 = -4*w + a*c. What are the prime factors of w?
11
Suppose -c + 18 = -27. What are the prime factors of c?
3, 5
Let k(d) = 11*d**2 + 1. Let h(a) = a - 4 + 4*a - 4*a - 2. Let r be h(7). What are the prime factors of k(r)?
2, 3
Let d(k) = k**2 - 6*k + 1. List the prime factors of d(7).
2
Let q(p) = -p**2 - p + 6. Let s be q(0). Suppose -l + s*l - 5*a = -25, -l - 1 = 3*a. List the prime factors of (14/6)/(l/(-12)).
7
Suppose -5*m + 8 = -4*m. Suppose -10*z = -m*z - 50. What are the prime factors of z?
5
Let x(v) = -5*v - 14. Let u be x(-11). Let n = u + -22. What are the prime factors of n?
19
Suppose 0 = 5*d - 235 - 600. What are the prime factors of d?
167
Suppose -c + 36 = 3*c. Let o = c - -5. List the prime factors of o.
2, 7
Let f(g) = 8*g - 2*g**2 + 1 + 1 - 3*g**2 - 8 + g**3. What are the prime factors of f(5)?
2, 17
Let z = 75 + -40. What are the prime factors of z?
5, 7
Suppose 4*o = -23 + 87. Let h be 2/17 - 567/51. Let l = h + o. What are the prime factors of l?
5
Let h(u) = u**2 + 7*u - 17. List the prime factors of h(7).
3
Let g(l) = -l**3 + 10*l**2 + 18*l - 27. What are the prime factors of g(11)?
2, 5
Suppose -2*a + 0*a - 4 = 0, -3*a = 5*p - 1029. What are the prime factors of p?
3, 23
Let o be (-2 + (-10)/(-4))*0. Let s(d) = d**2 - 2*d - 2 + 0 + d + o*d**2. List the prime factors of s(-2).
2
Let i(c) = 5*c + 34. Let l(r) = 14*r + 102. Let y(n) = -17*i(n) + 6*l(n). What are the prime factors of y(0)?
2, 17
Let v be 3/(3/2) - 8. Let k(j) = j**3 + 7*j**2 + 6*j + 2. Let u be k(v). Suppose -u - 8 = -5*h. What are the prime factors of h?
2
Let k = 32 - -3. List the prime factors of k.
5, 7
Let o(q) = -3*q - 6. Let y be o(-4). Suppose -y*b = -b. Suppose l + r - 10 - 5 = b, -2*l = -5*r - 23. List the prime factors of l.
2, 7
What are the prime factors of (-1)/(52/56 + -1)?
2, 7
Suppose 5*w = 6*w + 12. Let l(n) = -n - 3. What are the prime factors of l(w)?
3
What are the prime factors of ((-82)/(-4))/((-9)/(-18))?
41
Suppose -4 = -q, -5*i + 0*i - 2*q = -13. Suppose -k + p - 2*p - i = 0, -p = -4*k - 4. What are the prime factors of 16/(2/(3 + k))?
2
Suppose 5*d + 4*r = 3*r + 78, 0 = 3*d - 2*r - 52. Suppose -2*l - 